rs of 1141654769.
47, 24290527
What are the prime factors of 9352518?
2, 3, 7, 222679
List the prime factors of 26489428.
2, 7, 397, 2383
What are the prime factors of 2358255813?
3, 19, 41372909
List the prime factors of 3359936352.
2, 3, 2351, 14887
What are the prime factors of 620489411?
727, 853493
What are the prime factors of 500213608?
2, 19, 3290879
List the prime factors of 71317421.
7, 199, 51197
List the prime factors of 173010891.
3, 467, 123491
List the prime factors of 167025603.
3, 839, 66359
List the prime factors of 53445186.
2, 3, 2969177
What are the prime factors of 589353480?
2, 3, 5, 1637093
List the prime factors of 1521692468.
2, 5003, 76039
What are the prime factors of 1507364157?
3, 13, 239, 161717
What are the prime factors of 1083329549?
37, 277, 105701
List the prime factors of 2584533.
3, 7, 23, 5351
List the prime factors of 3787938825.
3, 5, 11, 31, 37, 4003
List the prime factors of 207131962.
2, 139, 263, 2833
List the prime factors of 394357669.
394357669
List the prime factors of 6369478965.
3, 5, 19, 7449683
What are the prime factors of 3359238065?
5, 671847613
List the prime factors of 1657132506.
2, 3, 41, 347, 719
What are the prime factors of 3314063923?
19, 83, 2101499
List the prime factors of 3974049861.
3, 19, 37, 151, 12479
What are the prime factors of 202372760?
2, 5, 17, 297607
What are the prime factors of 2802156003?
3, 311350667
List the prime factors of 1928224847.
17, 73, 503, 3089
What are the prime factors of 401779842?
2, 3, 6217, 10771
List the prime factors of 8340761327.
31, 269056817
List the prime factors of 67486212.
2, 3, 181, 10357
What are the prime factors of 2136662045?
5, 7, 43, 79, 17971
List the prime factors of 672006779.
672006779
List the prime factors of 140367078.
2, 3, 7798171
List the prime factors of 11463262.
2, 941, 6091
What are the prime factors of 1472606750?
2, 5, 83, 70969
List the prime factors of 1970056460.
2, 5, 83, 677, 1753
What are the prime factors of 355078236?
2, 3, 3967, 7459
List the prime factors of 455486871.
3, 7, 23, 101, 9337
List the prime factors of 1572117433.
1572117433
What are the prime factors of 146117382?
2, 3, 2963, 8219
List the prime factors of 205137335.
5, 13, 3155959
What are the prime factors of 70148756?
2, 17537189
What are the prime factors of 77109198?
2, 3, 12851533
List the prime factors of 23457460.
2, 5, 13, 83, 1087
What are the prime factors of 40327592?
2, 5040949
List the prime factors of 838668762.
2, 3, 193, 80471
What are the prime factors of 62811047?
13, 371663
List the prime factors of 242776356.
2, 3, 103, 1907
What are the prime factors of 11551991?
11, 95471
What are the prime factors of 45683255?
5, 89, 251, 409
List the prime factors of 8146303.
11, 29, 25537
List the prime factors of 6003455109.
3, 16339, 122477
What are the prime factors of 33306600?
2, 3, 5, 55511
List the prime factors of 3003236196.
2, 3, 107, 2338969
What are the prime factors of 1040804433?
3, 115644937
List the prime factors of 5353823984.
2, 334613999
What are the prime factors of 69998897?
73, 359, 2671
What are the prime factors of 131649642?
2, 3, 7313869
List the prime factors of 2590061273.
619, 2003, 2089
What are the prime factors of 44929004?
2, 29, 157, 2467
List the prime factors of 789828443.
1471, 536933
List the prime factors of 204259993.
7, 29179999
List the prime factors of 759372980.
2, 5, 223, 170263
List the prime factors of 2449839734.
2, 13967, 87701
List the prime factors of 2191053477.
3, 173, 4221683
What are the prime factors of 1340075?
5, 11, 443
List the prime factors of 19607151.
3, 37, 176641
List the prime factors of 36441577.
2357, 15461
List the prime factors of 45106353.
3, 5011817
What are the prime factors of 671716387?
671716387
List the prime factors of 718020591.
3, 239340197
What are the prime factors of 135604501?
19, 167, 42737
What are the prime factors of 8455636307?
17, 37, 13442983
What are the prime factors of 30413762?
2, 359, 42359
What are the prime factors of 2120061036?
2, 3, 73, 191, 12671
List the prime factors of 3742712114.
2, 1871356057
What are the prime factors of 58043078?
2, 29021539
List the prime factors of 3707726458.
2, 22943, 80803
What are the prime factors of 48503489?
2137, 22697
What are the prime factors of 36868903?
17, 241, 8999
What are the prime factors of 300949613?
3929, 76597
List the prime factors of 163679212.
2, 40919803
List the prime factors of 81197175.
3, 5, 1082629
List the prime factors of 736507904.
2, 11, 32693
What are the prime factors of 5522460255?
3, 5, 13, 3146701
What are the prime factors of 1631330107?
11, 617, 21851
List the prime factors of 250631700.
2, 3, 5, 11, 53, 1433
List the prime factors of 79896659.
41, 1948699
List the prime factors of 2589616774.
2, 61, 21226367
List the prime factors of 163836859.
4451, 36809
What are the prime factors of 549274634?
2, 281, 977357
List the prime factors of 282790314.
2, 3, 223, 70451
What are the prime factors of 535325448?
2, 3, 7, 3186461
What are the prime factors of 521376843?
3, 13, 97, 283, 487
What are the prime factors of 160782763?
61, 2635783
What are the prime factors of 138739854?
2, 3, 11, 617, 3407
What are the prime factors of 313912094?
2, 1439, 109073
What are the prime factors of 991779431?
14411, 68821
What are the prime factors of 3466232290?
2, 5, 2707, 128047
What are the prime factors of 118154235?
3, 5, 83, 94903
What are the prime factors of 4302586953?
3, 7, 1051, 9283
List the prime factors of 646161583.
646161583
What are the prime factors of 372080891?
7, 13, 4088801
List the prime factors of 253750489.
253750489
What are the prime factors of 64033654?
2, 127, 252101
List the prime factors of 284937602.
2, 577, 246913
List the prime factors of 5758267580.
2, 5, 13, 23, 962921
List the prime factors of 32861089.
19, 23, 29, 2593
List the prime factors of 256563437.
13, 109, 181061
List the prime factors of 95289742.
2, 1201, 39671
List the prime factors of 1438302061.
7, 307, 669289
What are the prime factors of 476226365?
5, 9257, 10289
What are the prime factors of 150996087?
3, 11, 227, 6719
List the prime factors of 759694482.
2, 3, 239, 176591
List the prime factors of 2344093937.
233, 569, 17681
What are the prime factors of 32358176?
2, 109, 9277
What are the prime factors of 4720446857?
7, 71, 9497881
What are the prime factors of 18156850?
2, 5, 17, 41, 521
What are the prime factors of 79787451?
3, 61, 435997
List the prime factors of 8515030292.
2, 419, 5080567
List the prime factors of 20638675.
5, 825547
What are the prime factors of 84120599?
43, 449, 4357
What are the prime factors of 8348770650?
2, 3, 5, 11, 37, 136753
What are the prime factors of 59126893?
7, 47, 179717
What are the prime factors of 372997170?
2, 3, 5, 7, 13, 17, 19, 47
What are the prime factors of 1255190393?
17, 73834729
What are the prime factors of 881755951?
12391, 71161
List the prime factors of 538743881.
13, 23, 1801819
What are the prime factors of 28122167?
829, 33923
What are the prime factors of 413956882?
2, 1129, 183329
List the prime factors of 223704764.
2, 1499, 37309
List the prime factors of 3340607258.
2, 59, 277, 102203
List the prime factors of 110818340.
2, 5, 1571, 3527
What are the prime factors of 2038910421?
3, 61, 11141587
What are the prime factors of 70093262?
2, 47, 745673
What are the prime factors of 30927332?
2, 1193, 6481
What are the prime factors of 35426428?
2, 31, 285697
What are the prime factors of 53608859?
127, 149, 2833
List the prime factors of 947289391.
73, 12976567
What are the prime factors of 752815151?
11, 443, 154487
What are the prime factors of 222943292?
2, 11, 13, 389761
List the prime factors of 123251195.
5, 19, 31, 41851
What are the prime factors of 23936492?
2, 401, 14923
What are the prime factors of 4844083070?
2, 5, 239, 2026813
List the prime factors of 1061100520.
2, 5, 149, 178037
What are the prime factors of 37110968?
2, 31, 151, 991
What are the prime factors of 110355359?
3529, 31271
What are the prime factors of 6513875700?
2, 3, 5, 47, 461977
List the prime factors of 5034703355.
5, 11, 4597, 19913
What are the prime factors of 21795399?
3, 257, 349
List the prime factors of 1995642796.
2, 7, 